-46
Let i(o) = o**2 + 31*o + 37. Determine i(-31).
37
Let c(x) = -3*x**3 - 3*x**2 + 2*x + 3. What is c(2)?
-29
Let m(d) = 3*d**2 - 86*d + 121. Determine m(27).
-14
Let l(o) = -o**3 + 48*o**2 - 87*o - 71. Determine l(46).
159
Let k(w) = 82*w - 3377. Give k(41).
-15
Let i(j) = -13*j**2 + 639*j - 96. What is i(49)?
2
Let x(l) = -l**2 - 34*l - 234. Give x(-10).
6
Let g(n) = 2108*n + 14764. Calculate g(-7).
8
Let w(q) = -1509*q + 9048. What is w(6)?
-6
Let t(x) = x**3 + 32*x**2 + 56*x - 134. Give t(-30).
-14
Let z(s) = -2*s**2 - 72*s - 9. What is z(-35)?
61
Let d(n) = -n**3 + 24*n**2 + 17*n + 22. Give d(25).
-178
Let u(i) = -i**3 + 17*i**2 - 35*i - 21. Determine u(10).
329
Let r(w) = -60*w**3 + w**2 + 3*w + 2. What is r(-1)?
60
Let w(t) = 3*t**3 - 23*t**2 - 34*t + 221. Calculate w(8).
13
Let l(f) = -f**3 - 24*f**2 - 23*f - 10. Determine l(-23).
-10
Let f(g) = 10*g - 14. Give f(-1).
-24
Let i(u) = 11*u**3 + 3*u**2 - 98*u + 190. Calculate i(2).
94
Let r(z) = z**2 + 62*z + 507. Determine r(-13).
-130
Let l(z) = -z**3 - 7*z**2 + 124*z + 4. Calculate l(-15).
-56
Let s(k) = -4*k + 26. Give s(-16).
90
Let w(r) = -180*r - 2523. What is w(-14)?
-3
Let a(i) = 4*i**3 - 62*i**2 - 32*i - 16. What is a(16)?
-16
Let t(l) = -53*l + 1512. Determine t(28).
28
Let r(y) = -248*y - 1775. Calculate r(-7).
-39
Let m(y) = y**3 + 24*y**2 + 63*y + 2956. Give m(-26).
-34
Let p(q) = -238*q - 17280. Determine p(-73).
94
Let z(f) = -40*f + 171. Calculate z(5).
-29
Let k(l) = l**2 - 655*l + 3257. Give k(5).
7
Let s(y) = -2311*y - 34659. Determine s(-15).
6
Let h(g) = -9922*g + 138893. Calculate h(14).
-15
Let d(i) = -33*i**2 - 3588*i + 976. What is d(-109)?
-5
Let v(k) = -k**2 + 73*k + 152. What is v(75)?
2
Let n(w) = -10*w - 96. Give n(-15).
54
Let i(b) = -222*b + 34494. What is i(155)?
84
Let u(g) = g**3 - 2*g**2 - 6*g - 2. Calculate u(4).
6
Let h(u) = -979*u - 2833. What is h(-3)?
104
Let l(z) = 2*z**3 - 88*z**2 + 172*z - 89. Calculate l(42).
79
Let t(g) = 24*g**2 + 73*g - 313. Determine t(4).
363
Let y(d) = 11*d**3 + 6*d**2 + d - 15. Give y(2).
99
Let h(r) = -110*r - 233. Give h(-3).
97
Let w(c) = -c**2 - 72*c + 1741. Determine w(-91).
12
Let l(s) = -2*s**3 - 207*s**2 - 300*s + 604. What is l(-102)?
-8
Let y(v) = -10*v**2 + 4*v + 32. Calculate y(-6).
-352
Let w(t) = 375*t - 3872. Determine w(10).
-122
Let m(q) = 1695*q - 206786. Determine m(122).
4
Let w(x) = -3*x**3 + 253*x**2 - 1410*x - 7. Determine w(6).
-7
Let m(j) = 3795*j + 34151. Calculate m(-9).
-4
Let r(h) = -h**3 + 18*h**2 - 50*h - 25. Give r(14).
59
Let n(u) = u**3 - 5*u**2 + 3285*u - 9848. Give n(3).
-11
Let c(g) = g**3 + 197*g**2 - 576*g - 2. Give c(3).
70
Let g(q) = 7*q**3 - 37*q**2 - 28*q + 185. What is g(5)?
-5
Let w(n) = n**2 + 57*n - 1089. What is w(15)?
-9
Let o(w) = -w**3 - 3*w**2 + 27*w + 59. What is o(-4)?
-33
Let j(d) = 11*d - 86. Calculate j(37).
321
Let r(j) = 235*j**2 - 3*j + 3. Determine r(1).
235
Let r(f) = -103*f - 35. Calculate r(5).
-550
Let i(o) = o**3 - 17*o**2 + 27*o - 93. What is i(16)?
83
Let k(l) = 676*l - 2696. Give k(4).
8
Let s(x) = 12*x**2 + 75*x - 2. What is s(-3)?
-119
Let y(a) = -62*a + 991. Give y(16).
-1
Let y(t) = -10*t**2 + 87*t + 150. Calculate y(10).
20
Let f(z) = -2*z**3 - 21*z**2 + 17*z + 59. Calculate f(-11).
-7
Let d(n) = 276*n + 1663. Determine d(-6).
7
Let j(w) = 36*w - 2888. Calculate j(80).
-8
Let f(a) = a**3 - 26*a**2 + 102*a - 303. Calculate f(22).
5
Let k(u) = -u**2 - 34*u + 709. Give k(-50).
-91
Let h(k) = -k**2 + 24*k - 100. Calculate h(20).
-20
Let s(c) = 110*c**3 - 330*c**2 - 4*c + 17. What is s(3)?
5
Let b(g) = 28*g**2 - 6. Give b(4).
442
Let f(o) = 6*o + 427. What is f(-51)?
121
Let s(d) = -2*d**2 + 114*d + 735. Determine s(-6).
-21
Let l(f) = 562*f + 6733. Calculate l(-12).
-11
Let t(o) = o**3 + 4*o**2 + 22*o + 42. Determine t(-6).
-162
Let j(s) = 6552*s + 58938. Calculate j(-9).
-30
Let p(q) = -115*q - 19335. Give p(-168).
-15
Let g(u) = -5795*u - 86924. What is g(-15)?
1
Let v(c) = c**3 + c**2 - 73*c - 24. Determine v(-9).
-15
Let f(t) = 5*t + 98. Give f(-47).
-137
Let h(m) = -25*m + 76. Give h(10).
-174
Let j(w) = -34*w**2 + 42*w + 149. Give j(-3).
-283
Let d(a) = 4*a + 37. Give d(0).
37
Let h(p) = p - 25. Determine h(1).
-24
Let v(b) = -b**3 + 29*b**2 + 78*b - 1445. Determine v(30).
-5
Let h(w) = w**2 - 41*w + 440. Give h(19).
22
Let q(h) = 184*h - 666. Give q(2).
-298
Let y(h) = 17*h + 137. What is y(-8)?
1
Let v(z) = z**3 + 6*z**2 - 10*z - 28. Determine v(-5).
47
Let z(g) = g**2 + 69*g + 792. Give z(-14).
22
Let i(j) = 2*j**2 - 50*j - 87. Calculate i(24).
-135
Let m(i) = i**2 + 12*i - 88. Calculate m(-16).
-24
Let v(k) = -k**2 + 307*k + 4157. Determine v(-13).
-3
Let r(f) = f**2 - 23*f + 80. Calculate r(4).
4
Let c(y) = -35*y - 2094. Determine c(-60).
6
Let q(g) = g**2 - 4*g - 64. Calculate q(-8).
32
Let h(k) = -k**3 + 31*k**2 - 27*k + 43. What is h(30)?
133
Let w(t) = 20*t**2 + 863*t + 130. Give w(-43).
1
Let b(k) = k**3 + 13*k**2 - 255*k - 2971. What is b(-11)?
76
Let k(p) = -p**3 + 5*p**2 + 2*p + 6. Give k(-4).
142
Let w(l) = -2*l - 38. Give w(-24).
10
Let h(k) = -k**2 - 89*k + 12343. Determine h(75).
43
Let c(r) = r**2 - 50*r - 82. Calculate c(-9).
449
Let c(y) = -50*y + 1005. Determine c(18).
105
Let l(m) = 54*m + 4120. Calculate l(-78).
-92
Let n(u) = -u**3 - 173*u**2 + 526*u - 372. Calculate n(-176).
-20
Let i(p) = 2591*p + 18146. Calculate i(-7).
9
Let l(j) = -9*j**2 + 1146*j + 770. Calculate l(128).
2
Let r(o) = o**3 + o**2 + 2*o - 30. What is r(-4)?
-86
Let b(c) = 8*c**2 + 18*c + 64. Calculate b(-3).
82
Let g(r) = r**3 - 22*r**2 - 39*r + 1179. What is g(21)?
-81
Let h(b) = 6*b**2 + 6*b - 1. What is h(-3)?
35
Let x(p) = -80*p + 18637. Determine x(233).
-3
Let x(b) = -113*b - 307. What is x(0)?
-307
Let b(p) = -3*p + 101. Give b(42).
-25
Let o(a) = 10*a - 59. Give o(15).
91
Let g(m) = 11*m - 377. Give g(39).
52
Let v(l) = -2*l**3 - 7*l**2 - 91*l - 250. What is v(-3)?
14
Let m(y) = 446*y**2 + 5349*y - 45. Calculate m(-12).
-9
Let g(p) = -83*p + 156. Determine g(3).
-93
Let d(i) = -i**2 + 2*i + 34. Give d(9).
-29
Let m(n) = -5*n**2 - 53*n + 84. Calculate m(-12).
0
Let m(d) = -d**2 + 10*d + 117. Give m(17).
-2
Let u(g) = -3*g + 72. What is u(-11)?
105
Let f(q) = -q**2 + 154*q + 7297. Determine f(-38).
1
Let t(o) = -3*o**2 - 62*o - 349. Determine t(-17).
-162
Let r(p) = -p**3 + 45*p - 133. What is r(4)?
-17
Let j(r) = -r**3 - 10*r**2 + 29*r + 10. What is j(-13)?
140
Let k(l) = 173*l - 347. What is k(2)?
-1
Let l(q) = -10*q - 13. Give l(-8).
67
Let p(o) = -16*o**2 - 15*o + 35. Determine p(3).
-154
Let s(p) = -135*p + 99. Give s(6).
-711
Let k(p) = -p**3 + p**2 + 46*p - 144. Give k(3).
-24
Let d(j) = -9*j**2 + 7*j - 21. Determine d(4).
-137
Let z(u) = 14*u**2 + 7*u - 8. What is z(-6)?
454
Let m(u) = -2*u**2 - 13*u + 64. Give m(-16).
-240
Let w(k) = -15*k**2 + 44*k - 58. Determine w(4).
-122
Let z(m) = -m**3 - 3*m**2 + 16*m - 35. Determine z(-6).
-23
Let v(x) = -x**2 + 44*x - 220. What is v(9)?
95
Let v(a) = a**3 - 5*a**2 + 16*a - 72. Give v(5).
8
Let p(o) = -12*o**3 + o**2 + 2*o - 2. Determine p(1).
-11
Let p(u) = 24*u + 46. Determine p(3).
118
Let k(o) = 34*o**2 + 2*o - 45. Calculate k(0).
-45
Let x(j) = -2*j**2 - 179*j - 934. Calculate x(-84).
-10
Let t(o) = 14*o**2 - 71*o + 159. Calculate t(5).
154
Let n(g) = -3*g**2 + 59*g + 93. What is n(19)?
131
Let n(h) = 2*h**3 - 224*h**2 - 688*h - 194. Determine n(115).
36
Let c(u) = 334*u + 1670. Determine c(-5).
0
Let k(u) = u**3 - 8*u**2 - 114*u + 821. Determine k(7).
-26
Let c(a) = -98*a - 3425. What is c(-35)?
5
Let g(a) = -35*a**2 - 664*a + 37. Calculate g(-19).
18
Let i(f) = -78*f - 892. Calculate i(-12).
44
Let r(p) = 8*p - 474. Give r(26).
-266
Let s(x) = -x**2 - 574*x + 22633. Determine s(37).
26
Let a(g) = -1269*g + 5151. Determine a(4).
75
Let t(c) = 495*c + 2981. Give t(-6).
11
Let x(m) = m**3 + 62*m**2 - 200*m - 387. Give x(-65).
-62
Let n(p) = p**3 - 27*p**2 + 45*p + 131. Give n(25).
6
Let n(m) = -m**3 + 16*m**2 - 631*m + 11026. What is n(17)?
10
Let h(v) = 6*v**2 + 16*v - 158. What is h(5)?
72
Let y(a) = -177*a + 3419. What is y(19)?
56
Let t(s) = 24*s - 2527. Give t(107).
41
Let o(c) = -378*c + 6422. Give o(17).
-4
Let q(u) = -582*u + 11637. Determine q(20).
-3
Let r(o) = 6*o - 339. Wha